423 a composite number?
False
Is 132604367 composite?
True
Is 29942373149 a composite number?
True
Is 80689848971 a prime number?
True
Is 24763994677 prime?
True
Is 9197767889 a prime number?
False
Is 49016717 a prime number?
True
Is 4917790013 a prime number?
True
Is 150591710967 prime?
False
Is 1598198863 a prime number?
False
Is 16172892731 a composite number?
True
Is 2039801051 a composite number?
False
Is 59441982473 a composite number?
False
Is 31168218703 prime?
True
Is 14052950137 composite?
False
Is 609397837 a composite number?
False
Is 27695936179 prime?
True
Is 25406245817 a prime number?
True
Is 330586309 a prime number?
True
Is 75751649 a composite number?
False
Is 7094278019 prime?
False
Is 46443747791 a composite number?
True
Is 39562466993 a composite number?
True
Is 62871334982 a prime number?
False
Is 1767725931 prime?
False
Is 791724707 a composite number?
False
Is 1893887423 composite?
True
Is 128801629 a prime number?
False
Is 29073820421 a composite number?
False
Is 44146942787 prime?
False
Is 170174101 composite?
False
Is 129341179753 a composite number?
True
Is 11914482193 prime?
False
Is 842078129 a prime number?
True
Is 6955912309 prime?
False
Is 1457955361 a prime number?
True
Is 615386419 prime?
False
Is 15853153 a prime number?
False
Is 6793741847 a prime number?
True
Is 11724756353 a composite number?
False
Is 46868143667 prime?
True
Is 36858537431 a prime number?
True
Is 16387084937 a composite number?
True
Is 8856636871 a composite number?
False
Is 2082526267 composite?
True
Is 342953191 a prime number?
False
Is 4055200907 a composite number?
False
Is 4109074295 composite?
True
Is 13450718821 a composite number?
False
Is 17538459391 composite?
False
Is 12131992303 prime?
True
Is 24311979139 a composite number?
True
Is 568055777 a composite number?
False
Is 2453902051 a composite number?
False
Is 2091457741 prime?
True
Is 683746747 prime?
True
Is 133046579 a prime number?
False
Is 152750296321 composite?
True
Is 2237612477 prime?
False
Is 3917989051 a prime number?
True
Is 5456782823 prime?
True
Is 117423547 a composite number?
False
Is 24508257779 a composite number?
True
Is 60150323581 a prime number?
False
Is 3837124147 composite?
True
Is 304738150819 a prime number?
False
Is 65976011581 composite?
False
Is 2196213505 a composite number?
True
Is 627305186 a prime number?
False
Is 1754324861 prime?
True
Is 82102738921 a composite number?
True
Is 998152067 composite?
True
Is 2298639533 composite?
False
Is 1195596749 a composite number?
False
Is 22800517 a prime number?
False
Is 22605203 a composite number?
False
Is 4612545991 composite?
True
Is 2260323701 prime?
False
Is 3746174357 prime?
True
Is 5800374991 a prime number?
False
Is 236995776721 prime?
False
Is 4720272169 a composite number?
False
Is 95739545953 a prime number?
True
Is 18761754673 a prime number?
False
Is 2216697398 a prime number?
False
Is 4535808709 a prime number?
False
Is 13234706213 prime?
False
Is 25864462079 a prime number?
False
Is 45041852993 prime?
True
Is 1419309887 a prime number?
True
Is 1951474801 prime?
False
Is 56459245819 composite?
True
Is 808182481 a prime number?
True
Is 567583493 composite?
True
Is 214329662585 a prime number?
False
Is 25398477781 prime?
True
Is 36080747 a composite number?
True
Is 2638314157 prime?
True
Is 2097710695 prime?
False
Is 530158771 prime?
False
Is 6159982603 a prime number?
True
Is 69425687 a prime number?
False
Is 1692496909 a prime number?
True
Is 129488469997 composite?
False
Is 6162466693 a prime number?
True
Is 41932183079 a prime number?
False
Is 7390931359 a composite number?
True
Is 8038154551 a prime number?
False
Is 16333554605 prime?
False
Is 1313003297 prime?
True
Is 85302155941 a prime number?
True
Is 2570908159 a composite number?
True
Is 163617133861 prime?
False
Is 173924327 composite?
True
Is 911728189 a prime number?
True
Is 23092541939 prime?
False
Is 39069917567 prime?
False
Is 1273785207 composite?
True
Is 70621337 a prime number?
True
Is 27545351621 a composite number?
False
Is 9955668949 a composite number?
False
Is 945191369 a prime number?
False
Is 7303969831 a composite number?
False
Is 29952048619 composite?
True
Is 508810457 prime?
True
Is 214857847 composite?
True
Is 4054805899 a composite number?
False
Is 5745212531 prime?
False
Is 1079879587 prime?
True
Is 1474831 a prime number?
False
Is 193453526527 a composite number?
False
Is 6785594011 prime?
False
Is 13541777479 prime?
False
Is 18605464113 a composite number?
True
Is 13616818213 composite?
True
Is 11635675913 a composite number?
True
Is 16417993381 prime?
True
Is 10467372493 a composite number?
False
Is 39241937 a prime number?
False
Is 4420629283 composite?
True
Is 24570778889 prime?
False
Is 14059094831 composite?
False
Is 4483546307 composite?
True
Is 4991755487 composite?
True
Is 101153452481 prime?
True
Is 109211277797 prime?
True
Is 3653139767 a prime number?
True
Is 11252933807 a prime number?
True
Is 48098066759 a prime number?
True
Is 1692491183 composite?
False
Is 9927366193 composite?
True
Is 5039240987 prime?
False
Is 588316537 composite?
False
Is 54133956029 prime?
False
Is 1516557397 prime?
False
Is 24484072097 a composite number?
False
Is 6039434299 a prime number?
True
Is 686576053 a composite number?
True
Is 7297840811 prime?
True
Is 2731545569 prime?
True
Is 858106649 composite?
True
Is 1434388327 prime?
False
Is 448934891 composite?
False
Is 367574334865 composite?
True
Is 69638668213 composite?
True
Is 22379686613 prime?
True
Is 865041239 a composite number?
False
Is 12240556201 a prime number?
True
Is 97924779613 a prime number?
True
Is 30448115023 a prime number?
False
Is 9305496467 a composite number?
True
Is 546226297 prime?
False
Is 534048331 a composite number?
True
Is 8857249811 a prime number?
True
Is 7987708138 prime?
False
Is 700519081 a prime number?
True
Is 42291605849 a composite number?
False
Is 191604323 composite?
True
Is 23689948817 prime?
False
Is 1618778101 a composite number?
False
Is 52159058033 composite?
False
Is 21802840621 a composite number?
True
Is 560585413 prime?
True
Is 59004388279 a prime number?
False
Is 4481984489 composite?
False
Is 27230258123 a composite number?
False
Is 11126575081 composite?
True
Is 61819047959 composite?
True
Is 20682065557 a prime number?
True
Is 14083753673 a composite number?
True
Is 5578589033 prime?
True
Is 1148710019 a prime number?
True
Is 4723633777 prime?
True
Is 9766257727 prime?
True
Is 8584624149 a composite number?
True
Is 1589623667 prime?
False
Is 1083040171 a prime number?
False
Is 277037279 composite?
True
Is 96671195515 prime?
False
Is 2783195179 a composite number?
False
Is 23039935 prime?
False
Is 33302967811 a prime number?
False
Is 5289621335 composite?
True
Is 201206465539 a composite number?
False
Is 963796363 a prime number?
False
Is 219012221 prime?
False
Is 7323509741 a composite number?
True
Is 10747048915 prime?
False
Is 77220719 a prime number?
False
Is 500242159 prime?
True
Is 4312357741 a composite number?
False
Is 1847688553 a composite number?
True
Is 1798980943 prime?
True
Is 6915123203 a composite number?
True
Is 165924183697 a prime number?
False
Is 1148765207 a composite number?
True
Is 172174669753 composite?
False
Is 2179737971 composite?
False
Is 44239681 composite?
False
Is 2290458613 prime?
False
Is 139651639 prime?
True
Is 3083939483 prime?
True
Is 2090936929 composite?
False
Is 46794291526 prime?
False
Is 6541170827 a composite number?
False
Is 28358704589 a composite number?
False
Is 8315302301 a prime number?
True
Is 311487971 prime?
True
Is 113363451451 composite?
False
Is 1315811027 a composite number?
True
Is 75291919 prime?
False
Is 1143552509 composite?
True
Is 150437719937 prime?
False
Is 125216089 prime?
False
Is 408223357 a composite number?
False
Is 3011784383 prime?
True
Is 21204713753 a prime number?
False
Is 622848623 composite?
False
Is 33618784714 composite?
True
Is 8789217967 a prime number?
True
Is 2692726523 a prime number?
True
Is 1860881551 prime?
True
Is 13360263821 a prime number?
True
Is 3027650713 composite?
False
Is 15514713517 a composite number?
True
Is 2548839263 prime?
True
Is 6728751949 a composite number?
True
Is 5272465349 a composite number?
True
Is 163